 24 + -19. Suppose -204 = -6*k + 2*k - 4*q, -273 = -t*k + 4*q. Calculate the remainder when k is divided by 18.
17
Let k be (2/(-5))/((-1)/2175). What is the remainder when (-1*1)/((-11)/517) is divided by k/35 - 2/(-14)?
22
Let k = -3087 + 3095. What is the remainder when (-6)/(-2)*(-44)/(-6) is divided by k?
6
Suppose -46 = -w - w. Let p be (330/180)/(2/12). Suppose p*b + b - 96 = 0. Calculate the remainder when w is divided by b.
7
Suppose 17 = d - 5*a, 0 = 5*d - a + 4*a - 1. Suppose -11 - d = -r + f, r + 5*f - 19 = 0. Let h = -3286 + 3313. Calculate the remainder when h is divided by r.
13
Suppose -6 = -2*t + 2. Suppose -3*v + 2*w = 352, t*v - 3*w + 468 = -w. What is the remainder when 85 is divided by (-2 - -4)/((-8)/v)?
27
Let l = 12 - 10. Let f be l - (-2 + 6 + -2). Suppose -17 = -h - f*h. Calculate the remainder when 48 is divided by h.
14
Suppose v + 2*v = -3. What is the remainder when 97 + (-1)/((-3 - v)/2) is divided by 10?
8
Suppose 2*r = 7*r + 60. Let d be -12*-3*4/r. Let u = 18 + d. Calculate the remainder when u is divided by 2.
0
Suppose -2*b - z = -244, 8*b - 3*b + 3*z - 609 = 0. What is the remainder when b is divided by 15?
3
What is the remainder when 304 is divided by 2/(-9) + 3227/63?
49
Suppose -4*c + 73 = -115. What is the remainder when c is divided by (-435)/(-25) - 2/5?
13
Suppose 38*x - 495 = 835. What is the remainder when 440 is divided by x?
20
Calculate the remainder when ((-2)/(-4)*-1)/(9/(-414)) is divided by 7.
2
Suppose -596 = -13*z + 379. Calculate the remainder when z is divided by 41.
34
Suppose 0 = -5*m + 79*m - 48026. What is the remainder when m is divided by 26?
25
Let f be (5 - 8)/(-3 - -2). Suppose 2*q + f*h - 39 = 0, -5*q - 2*h + 70 = -0*h. What is the remainder when 94 is divided by q?
10
Suppose -d + 57 = 5*m - 74, 5*d = m + 759. Suppose -71 = 4*g - 223. Calculate the remainder when d is divided by g.
37
Let k(s) be the first derivative of -9 + 1/3*s**3 + 3/2*s**2 - 6*s. Calculate the remainder when k(-9) is divided by 10.
8
Suppose f = -4*s + 63 + 94, s + f - 40 = 0. Let t = 1 + 6. What is the remainder when 1/(((-6)/s)/(-2)) is divided by t?
6
Suppose -1848 = -15*c - 51*c. What is the remainder when 782 is divided by c?
26
Calculate the remainder when 407 is divided by 4/(-90)*-5 - 1058/(-18).
53
What is the remainder when 298 is divided by -20*((-30)/(-12))/(5 + -6)?
48
What is the remainder when (-4)/3 - (-10625)/51 is divided by 52?
51
Suppose 9*s - 327 = -21. Let a = s - -24. Let n = 18 - -2. What is the remainder when a is divided by n?
18
Let r = -39 + 20. Suppose 7*n - 73 = -360. Let x = r - n. Calculate the remainder when 63 is divided by x.
19
Calculate the remainder when 2/3*(-77850)/(-60) is divided by 7.
4
Suppose -s + 26 - 24 = 0. Calculate the remainder when (-1)/s + 1309/22 is divided by 20.
19
Suppose s = 6*s + 3*z - 71, -4*z = 4*s - 52. Suppose 5*y - 223 = 4*r + 116, 0 = -4*r + s. What is the remainder when y is divided by 9?
8
Let k(f) = 3*f - 2. Let u be k(2). Let h(t) = 2*t**3 - 4*t**2 + 4*t + 3. Calculate the remainder when h(u) is divided by 12.
11
Let j(d) = d**2 - 3*d - 7. Let k be j(-8). Let a = k + -31. What is the remainder when a is divided by 13?
11
Suppose 0 = 4*s - 1693 + 1481. Suppose 5*c = -2*u + 80, -5*c + 2*u = 3*u - 75. What is the remainder when s is divided by c?
11
Suppose -149 = -6*b + 73. Suppose j + 4*x = 19, -5*j = 3*x - b + 10. Suppose 4*r = 11 + 21. Calculate the remainder when r is divided by j.
2
Suppose 26 = 4*j - 2*l, 2*j = 2*l + 8 + 2. Let u = -5 - -82. Let m = u - 73. What is the remainder when j is divided by m?
0
Suppose -2*s = -4*m - 3*s + 57, -19 = -3*m + 4*s. Let x = m + 25. What is the remainder when x is divided by 13?
12
Suppose 0 = -5*b - 193 + 308. Let k = -103 + 193. What is the remainder when k is divided by b?
21
What is the remainder when ((-28)/(-6))/((-39)/(-702)) is divided by 25?
9
Let d(t) = 5*t**2 - 7. Let c(b) = -b**2 + 2. Let h(r) = 9*c(r) + 2*d(r). Let n be h(0). What is the remainder when 41 is divided by (21/n)/(6/24)?
20
Suppose u + 5 = -2*b + 12, 0 = 2*b. Let n(j) = j**3 - 6*j**2 - 6*j - 2. Let z be n(u). What is the remainder when 12 is divided by -2 + (-5)/(z/(-9))?
5
Suppose -o = 5*j + 43 - 78, -5*o + 238 = 4*j. What is the remainder when o is divided by -1 + 1 + 2 - -17?
12
Suppose 0*f + 185 = 5*f. Let l = 38 - f. Calculate the remainder when 3 is divided by l.
0
Let d be (-9)/(2 + 1) + 8. Suppose 0 = d*u - 9*u + 52. Suppose -17*v = -u*v - 112. Calculate the remainder when 53 is divided by v.
25
Suppose 64 - 90 = -r. Calculate the remainder when 72 is divided by r.
20
Let t = 125 + -73. Suppose 2*u - 3*u = 2*b - 20, 5*b - t = -2*u. Let m = 43 - b. What is the remainder when m is divided by 11?
9
Let l = 30 + -27. Let n(p) = -6*p - 2*p**2 + 7*p + p - 13 + l*p**2. What is the remainder when 19 is divided by n(-6)?
8
Let q = 1 + 3. Suppose -y - q*p + 1 = 2*y, 0 = 2*y + p - 9. Let h(u) = -18*u - 60. What is the remainder when h(-4) is divided by y?
5
Suppose -5*i = -25, 5*h = 2*i + 53 + 252. What is the remainder when h is divided by -34*(39/(-42) + (-42)/(-98))?
12
Let w(t) = -t**2 - 4*t - 6. Let x be w(-4). Let d(z) = z**3 + 6*z**2 - 6*z + 3. What is the remainder when d(x) is divided by 5?
4
Let c(l) = l - 1. Let g(n) = 22*n**2 - 2*n + 2. Let d(i) = -c(i) - g(i). Let z be d(2). Let r = -28 - z. What is the remainder when r is divided by 20?
19
Suppose -10*r + 205 + 5 = 0. What is the remainder when 228 is divided by r?
18
Let f = -37 - -80. Suppose -5*z + 41 = -24. Let m = 2 + z. What is the remainder when f is divided by m?
13
Suppose 3*t = 2*l - 0*t - 23, -2*l + 5*t = -17. Calculate the remainder when l is divided by 8.
0
Suppose 57*a - 702 = 48*a. Calculate the remainder when a is divided by 21.
15
Let j(g) = -g**3 - 13*g**2 - 13*g + 13. Let d be j(-12). Let p = d - 9. Let y = -7 + 12. Calculate the remainder when p is divided by y.
1
Let x = 419 + -400. Calculate the remainder when 245 is divided by x.
17
Let m = 970 - 566. What is the remainder when m is divided by 14?
12
What is the remainder when ((-21)/(-12) - 1)*380/1 is divided by 49?
40
Let a be 1*19*(-2)/(-10)*10. Suppose 0 = 2*r + o - a, -5*o + 10*o + 80 = 5*r. Calculate the remainder when 213 is divided by r.
15
Let a(p) = -25*p**3 + 13*p + 89. Calculate the remainder when a(-5) is divided by 16.
13
Let l = -1234 + 1241. What is the remainder when 95 is divided by l?
4
Let u = 901 - 812. Calculate the remainder when 187 is divided by u.
9
Let v = 580 - 531. Calculate the remainder when 145 is divided by v.
47
Let b = -26 + 90. What is the remainder when (218/8)/((-2)/b*-8) is divided by 29?
22
Suppose -4*i + 3*g + 41 = 0, -3*i + 57 = 5*g - 2*g. Suppose -3*a + 3 = -3. Suppose a*v = -0*v + 106. Calculate the remainder when v is divided by i.
11
Let d = -593 - -625. Calculate the remainder when d is divided by 18.
14
Let k(h) = -h + 10. Let r be k(14). Let l(w) = -w**2 - 16*w - 9. Calculate the remainder when (r - -105 - 4) + -4 is divided by l(-14).
17
Let z(h) = h - 2*h + 2*h**2 - 6*h**2 - 2*h**3 - 2*h - 1. Let w be z(-2). What is the remainder when 41 is divided by ((-28)/w)/(32/(-80))?
13
Let a be (-3885)/(-18) + 3/18. Suppose -13*j + a = -9*j. Calculate the remainder when j is divided by 14.
12
Let s(z) = -21*z - 62. Let c be s(-15). Suppose 7*a + 4*a = c. Let y(u) = 3*u - 5. What is the remainder when a is divided by y(6)?
10
Suppose 0 = 3*y - 2*y + 5*u - 73, -334 = -4*y + u. Suppose 46 = 2*m + 4*w - 6, 0 = 5*m - w - 141. Calculate the remainder when y is divided by m.
27
Let g(h) = h**2 - 7*h + 8. Let s be g(6). Suppose 4*k - s*k - 10 = 0. Suppose -k*w = -32 - 53. What is the remainder when 33 is divided by w?
16
Let d be 113 + (-3 - -4) - -2. Let p = -78 + d. What is the remainder when 74 is divided by p?
36
Suppose 0 = -5*r - 2*g + 68, -3*g - 31 = -r - r. What is the remainder when 24 is divided by r?
10
Let h(c) = 4*c**2 + 22*c + 12. What is the remainder when h(-6) is divided by 14?
10
Let v(g) = -5*g**2 + 2*g + 17. Let u be v(5). Let b = -81 - u. What is the remainder when 64 is divided by b?
13
What is the remainder when 1634 is divided by (-7)/(-14) + (-868)/(-8)?
108
Suppose 0 = d + 4*s - 20, 2 = 2*d - 4*s - 2. Calculate the remainde